c(u) = -12*u**2 + 14*u + 7. Let i(x) = -3*c(x) + 7*n(x). What is i(-6)?
1
Let s = -271 - -267. Let p(x) = x**3 + 4*x**2 - 4*x + 7. What is p(s)?
23
Suppose -d = -3*x - 2*x + 33, -3*d + 34 = 4*x. Let p = 17 + x. Let m(q) = -3*q**2 - p*q - 3 - 4*q**3 + 5*q**3 + 26*q. Give m(2).
-3
Let j(g) be the first derivative of g**5/20 + g**4/4 + 3*g**2/2 - 7*g + 5. Let m(a) be the first derivative of j(a). What is m(-3)?
3
Let m(y) = y**2 - y - 4. Let a(u) = -u**2 + 4*u + 9. Let q be a(5). What is m(q)?
8
Suppose -34 = 5*n + 21. Let i(r) = -5*r - 2. Let a(g) be the first derivative of -7*g**2 - 5*g - 1. Let y(d) = n*i(d) + 4*a(d). Calculate y(3).
-1
Let l(q) = -3 - 6*q**3 + 2 - q + 0 - q. Let u be (-1*2)/(3 + -4). Let c be 1/u - 12/8. Give l(c).
7
Suppose -257 + 250 = -j. Let w(u) = -u**3 + 6*u**2 + 7*u - 7. Give w(j).
-7
Let u(o) = -7*o**2 - 3*o - 6. Let a(b) = 6*b**2 + b + 5. Let p(q) = -6*a(q) - 5*u(q). Calculate p(10).
-10
Let p(r) = -8*r - 1. Let t(q) = -2*q**2 - 16*q + 17. Let f be t(1). Determine p(f).
7
Let g(u) be the first derivative of u**6/120 - u**5/20 - u**4/24 + u**3/3 + 4*u**2 - 1. Let n(a) be the second derivative of g(a). Determine n(2).
-4
Let p(m) be the second derivative of -m**3/2 + 5*m**2/2 + 16*m - 2. Calculate p(2).
-1
Let o(f) = 18*f - 8*f**2 - 19 + f - 4*f**3 - 38*f. Let r(i) = -i**3 - 3*i**2 - 6*i - 6. Suppose -y = 2*y - 6. Let l(a) = y*o(a) - 7*r(a). Give l(6).
-8
Let k(o) = -o**3. Let d(g) = -4*g**3 + 3*g**2 - 4*g - 4. Let u(y) = -d(y) + 5*k(y). Suppose -4*x - 12 = -7*x. Suppose 0 = a - 0*a + x. Determine u(a).
4
Let b(c) = 14 + 26 - 25 + 15*c + c**2. Give b(-14).
1
Let j(a) = -a + 1. Let s(h) be the third derivative of -5*h**4/24 + 3*h**3 - 8*h**2. Let m(f) = 6*j(f) - s(f). Give m(0).
-12
Let o(h) = h - 11. Let k(i) = i**3 - i - 15. Let a be k(0). Let d(s) = -s**3 - 16*s**2 - 14*s + 22. Let m be d(a). Calculate o(m).
-4
Suppose -y - 5*w + 2*w - 4 = 0, 1 = 2*y + 3*w. Let x(n) = -5 + 3 + n + 1. What is x(y)?
4
Let y(r) = -20*r + 5. Let j(t) = 17*t - 5. Let h(p) = -6*j(p) - 5*y(p). Determine h(-8).
21
Let s(h) = -h**2 + 3*h + 3. Let a be -2*(-1)/(0 - -2). Suppose -17 + a = -4*c. What is s(c)?
-1
Let y(i) = -7*i**3 + i. Let r(g) = 5*g**2 - 1. Let b be r(-1). Let p(u) = 7 + 3 - 4 + u + b. Let q be p(-9). Calculate y(q).
-6
Let j(s) = s + 9. Let t be j(-7). Let h(p) = 2*p - t - 2 - 4 - p. Suppose -28*l = -14*l - 56. Calculate h(l).
-4
Let c(r) = 7*r - 1 + r - 6*r + 0*r. Let h(v) = v. Let i(n) = 2*c(n) - 5*h(n). Calculate i(7).
-9
Let i(d) be the second derivative of d**5/60 - 7*d**3/3 + 3*d**2/2 - 21*d. Let c(n) be the first derivative of i(n). What is c(0)?
-14
Let d(q) = q - 4. Let k be d(0). Let f be k/5*(-10)/4. Let c(o) = -f - 2 + 6*o - o**2 + 4. Give c(3).
9
Let b(o) = o**2 - 1 + 5*o + 4*o - 11*o. Suppose 2*c - 2 = -2*d, 5*d = -3*c + 5*c - 23. Give b(d).
14
Let v(n) be the third derivative of -n**5/60 + n**4/24 + n**3/3 + 36*n**2. Give v(-3).
-10
Let h = 559 + -545. Let x(w) = -2*w + 14. What is x(h)?
-14
Let i(k) be the first derivative of -8*k**2 - k - 316. Determine i(-2).
31
Let f = 60 + -55. Let z(r) = -r - 1 + 2 + 2*r + 0. What is z(f)?
6
Let n(v) = 63*v - 183*v + 98*v. Determine n(1).
-22
Suppose k + 0 = 8. Let z(w) = 8 + 2 - 17 + k - 13*w. Give z(1).
-12
Let o(z) = -z**3 - 5*z**2 - 4*z + 2. Let w be (16/(-32))/(1/10 - 0). Determine o(w).
22
Let f(a) = 47*a - 5. Let n(w) = -19*w + 2. Let u(y) = 2*f(y) + 5*n(y). Calculate u(9).
-9
Let m(r) = 4 + 769*r - 777*r + r**2 + 2. Suppose 4*d = -5*k + 41, 2*k = 4*d - 10 + 4. What is m(d)?
-10
Suppose 5*b + 22 = -3. Let a(s) = 8*s + 7. Let w(g) = g + 1. Let d(z) = b*w(z) + a(z). Determine d(2).
8
Let j(y) = -y + 15. Suppose 5*t = 4*g - 586, -5*g - 373 = 3*t - 1087. Let o = g + -132. What is j(o)?
3
Let d(l) = 4 - 3 - l**2 + 0 - 4*l + 3*l. Let z(k) = k**3 - 7*k**2 - 9*k - 1. Let s(x) = d(x) - z(x). Give s(7).
9
Let p = 78 - 71. Let g(b) = 11*b - 30*b**2 - 5 - 4*b + 29*b**2. Give g(p).
-5
Let c(u) = 2*u**2 - 4*u + 4. Let z be c(2). Suppose -q = q - z. Suppose -x = q*s + 4 + 11, 5*s = x - 20. Let a(j) = -j**2 - 4*j + 4. What is a(s)?
-1
Let r be (10 - 1)*(-2)/(-6). Let j(a) = 0*a**2 + r*a**2 - 2*a**2. Let q = -8525 - -8523. Give j(q).
4
Let x be (-9)/6*(2 - 968/12). Let w = x - 112. Let m(f) = f**3 - 7*f**2 + 4*f + 5. Determine m(w).
-7
Suppose j - 5 + 4 = 0. Suppose 0 = -5*n - j + 21. Let y(i) = i - 4 - 2*i + 2 + n. Calculate y(-6).
8
Suppose 0 = -2*c - 2*c + 4*y - 16, -5*y = -4*c - 19. Let o(n) be the third derivative of -n**5/10 + n**4/12 + n**3/6 + 1905*n**2. Determine o(c).
-7
Suppose 0 = 3*o + 12 + 3. Let p(s) = 9*s**3 + 18*s**2 + 4*s - 2. Let g(r) = -11*r**3 - 21*r**2 - 4*r + 1. Let l(u) = 4*g(u) + 5*p(u). What is l(o)?
-1
Let g(w) = w**3 + w**2 + 4. Suppose 0 = 7*n - 9*n. Let u be g(n). Let x(c) = -c**3 + 6*c**2 - 5*c - 3. What is x(u)?
9
Let s be 9/(-12) - (-159)/4. Suppose -5*y + 4 = -3*z + 36, -s = 5*y + 4*z. Let c(o) = -o**3 - 7*o**2 + o + 3. Determine c(y).
-4
Suppose 7*d - 14 = 42. Let p(j) = 2*j**3 - 3*j**3 + 7*j - 58*j**2 + 50*j**2 + d + 2*j**3. What is p(7)?
8
Let c(m) = -2*m**2 + 3*m + 7. Let o(r) = r**2 + 11*r + 15. Let w(h) = h**2 + h. Let d(p) = -o(p) + 5*w(p). Let k(y) = 9*c(y) + 4*d(y). Give k(3).
-6
Let j = -329/3 + 661/6. Let m(g) be the second derivative of 6*g + 0 + j*g**2 - 1/6*g**3. Give m(-3).
4
Let u be 3/3*(-1 + 0). Let f(h) = -4*h**2 + 16*h + 3. Let t(g) = 9*g**2 - 39*g - 7. Let x(c) = -5*f(c) - 2*t(c). Calculate x(u).
3
Let u(g) = 6*g - 72 + 156 - 75 + g**2. Calculate u(-6).
9
Let m(n) be the second derivative of -7*n**5/10 - n**3/3 + n**2/2 - 185*n. Determine m(1).
-15
Let y(k) be the first derivative of k**3/3 + k**2 + k + 5. Let f(a) be the first derivative of y(a). Suppose 0 = -3*z - 3*n, 0 = 6*z - 2*z + 5*n + 3. Give f(z).
8
Let p(s) = 5*s + 180. Let y be p(-37). Let b(q) = 2*q**2 + 10*q + 15. Give b(y).
15
Let g(c) = c**3 - 16*c**2 - c + 19. Let v be g(16). Let y(o) = 5*o**2 + v - 4*o**2 + 4*o + 0. Determine y(-2).
-1
Suppose -227*j = -234*j - 49. Let q(x) = -x**3 - 7*x**2 + 4*x + 11. What is q(j)?
-17
Let i(f) be the third derivative of f**5/60 + f**4/3 - 3*f**3/2 - 4*f**2. Let h(j) = -4*j**2 + 53*j + 33. Let k be h(14). Calculate i(k).
0
Suppose -35 = 9*j - 14*j. Suppose s - 48 = -j*s. Let a(m) = m**2 - 8*m + 7. What is a(s)?
-5
Let d(h) = h**3 - 4*h**2 - 7. Suppose -3*o - q + 11 = 0, 0*o - 1 = -o - 3*q. Let a be d(o). Let x(t) = 4*t + 9. What is x(a)?
-19
Let p(k) = -6*k + 12*k - 2 - 5*k - 3. Let z be p(9). Suppose -5*o = -4*v - 4*o - z, 2*v + 16 = -3*o. Let a(h) = 2*h**2 - h. Determine a(v).
10
Let a = -2682 + 2700. Let u(i) = i**3 - 19*i**2 + 20*i - 21. Calculate u(a).
15
Suppose 2*v - 3*v = -2. Let n(z) = 3*z**3 - 6*z**2 + 2*z + 4. Let a(d) = d**3 - d**2 + d + 1. Let u(j) = v*a(j) - n(j). Give u(3).
7
Let l(o) be the second derivative of o**5/20 - o**4/3 - 2*o**3/3 + 3*o**2 + 2*o + 15. Determine l(5).
11
Let p(q) = 9*q - 30. Let c be p(4). Suppose 13*i = 14*i + c. Let b(l) = l + 4. Calculate b(i).
-2
Let r(b) = -b - 3 + 0 + 3 + 8*b**2. Let k be ((-20)/(-25))/(2/10). Suppose -2*y - 3*z - 8 = -1, -k*y - 4*z - 8 = 0. Calculate r(y).
7
Let q(r) = -4*r - 2. Suppose -6*y - 12 = 12. Give q(y).
14
Let w(g) = -3*g**2 + 5*g + 30. Let n(q) = 16*q**2 - 26*q - 149. Let c(a) = -2*n(a) - 11*w(a). Calculate c(7).
-4
Let c(n) = 4 - n**2 + 12*n + 9 - n**2. Let l be c(7). Let q(b) = 10*b**3 - 2*b - 1. Calculate q(l).
-9
Let s(c) = 52*c**2 - 5*c + 10. Let f(x) = 26*x**2 - 2*x + 4. Let i(b) = 5*f(b) - 2*s(b). Calculate i(1).
26
Let r(b) = b**2 - 6*b + 6. Let y(j) = -10 + 15 + 3*j**2 + j**2 - 3*j**2 + 12*j. Let u be y(-12). Determine r(u).
1
Let n(c) = -3 - c - 2*c + 0*c. Let w(j) = -90*j - 446. Let i be w(-5). Give n(i).
-15
Let o(c) = -11. Let v(k) = k + 2. Let x(l) = -o(l) - 2*v(l). Let b(r) = r**2 + 7*r + 10. Let g be b(-7). Let i be 5*((-24)/g)/(-2). Give x(i).
-5
Let j(n) = 3 + 15*n + 1 - 2*n**2 - 1 - 1 + 3*n**2. Determine j(-15).
2
Let o = -21 + 22. Let b(u) = 1 + o + 60*u - 63*u. Calculate b(-6).
20
Let f(y) = -7*y - 9. Let h(l) = 1. Let x(q) = f(q) + 6*h(q). Calculate x(-2).
11
Let t(k) = 22*k + 4. Let y(c) be the third derivative of 23*c**4/24 + 5*c**3/6 - 5*c**2. Let h(v) = 4*t(v) - 3*y(v). Determine h(1).
20
Let a(q) be the third derivative of